o(u).
-5
Let x(p) be the first derivative of -1 - 3*p - 1/2*p**2 + 1/3*p**3. What is x(3)?
3
Let r(d) be the first derivative of d**2/2 + d - 42. Give r(-7).
-6
Let t(q) = -4*q - q**2 - 5 + 2*q + 3*q. Let g(l) = 2*l**2 + 5. Let o(f) = 2*g(f) + 3*t(f). What is o(-5)?
5
Let f be (-2 - -1)/(2/(-6)). Let u(c) = -4*c**3 + 2*c**2 - 8. Let b(t) = t**3 - t**2 + 1. Let i(x) = 5*b(x) + u(x). Give i(f).
-3
Let q(l) = 0*l**3 + 2*l**3 + 5 + l**2 - l**3 - 6. What is q(-2)?
-5
Let j(k) = -2*k + 7. Let s = -54 - -36. Let f = -13 - s. Determine j(f).
-3
Let n(q) be the second derivative of 7*q**3/3 + 14*q. Calculate n(-1).
-14
Let n(c) = -c**3 - c. Suppose -7*h - 12 = -3*h. Let v(u) = 4*u**3 + u**2 - u - 1. Let f(b) = h*n(b) - v(b). Give f(-3).
7
Let o = -1 - -3. Suppose -2*u - o*i - 14 = -0*i, -u = 5*i + 15. Let v(p) = -p**3 - 6*p**2 - 5*p. Determine v(u).
0
Let q(u) = u**2 - 5*u. Let x(s) = -5*s**2 + 19*s + 1. Let l(n) = 9*q(n) + 2*x(n). What is l(-5)?
12
Let f(l) = l**2 - 5*l - 7. Suppose -18*b = -21*b - 4*a - 5, -2*b - 2*a = 0. Determine f(b).
-7
Let g(f) be the first derivative of -f + 3*f**2 - 4 - 1/3*f**3. Let o be 2/(-3) + 34/6. What is g(o)?
4
Let s(i) = 5*i**3 + i**2 - 6*i - 9. Let t(d) = 9*d**3 + 3*d**2 - 12*d - 17. Let k(b) = -11*s(b) + 6*t(b). What is k(6)?
-3
Let i(c) be the first derivative of -c**3/3 - c**2 + 4*c - 1. Let l = 14 - 16. Let k = -6 - l. Calculate i(k).
-4
Let j(d) = -3*d**2 - d**3 + 2 - 2*d**2 - 2*d**2 + 1. Let b be j(-7). Let x(l) = l**3 - 3*l**2 + 5*l - 4. What is x(b)?
11
Let b(z) be the second derivative of -z**3/3 - 5*z**2/2 + 5*z. Give b(-5).
5
Let v(a) be the first derivative of a**3/3 - 2*a**2 - a + 1. Let s(f) = f - 2. Let u be s(5). Suppose 3 = u*t - 3. Determine v(t).
-5
Let v(d) = -23*d + 3. Let p(i) = 47*i - 7. Let z(o) = 4*p(o) + 9*v(o). Give z(-1).
18
Let o(a) = a**2 + a. Suppose 0 = -0*h + 5*h - 15. Calculate o(h).
12
Let c(h) = 2*h**2 - 4*h + 3. Let v be c(2). Let k(s) = -s**2 + 1 - 3*s + 6*s**v + 3*s. Suppose 193 = 9*g + 184. What is k(g)?
6
Let p = -138 - -138. Let t(c) = c**2 + c - 1. Give t(p).
-1
Let r(x) = -3*x + 9 + x**2 - 8 + x + x**2. Calculate r(-2).
13
Let o(a) = -2*a - 3. Suppose 0*b = 4*b. Let m = -4 - b. Calculate o(m).
5
Suppose -9*x = -5*x - 16. Let s(h) be the second derivative of h**5/20 - h**4/4 - h**3 + h**2/2 - h. What is s(x)?
-7
Let i(t) = -9 - 6*t**2 + 19*t**3 + 2*t - 41*t**3 + 23*t**3. Give i(6).
3
Suppose v + 6 = 4*v, 0 = 3*z - v + 17. Let h(f) = -f**3 - 5*f**2 - 6. Give h(z).
-6
Let u be -20*(3 + -2)*-1. Let y be u/(-6)*18/(-15). Let x(t) = -t**3 - 1 - y*t**2 + 1 - 4*t - 3. Determine x(-3).
0
Let h(z) = -2*z**2 - z + 29. Let w(y) = -y**2 - y + 15. Let p(k) = -6*h(k) + 11*w(k). Let t = 15 + -8. Give p(t).
5
Let t(c) = c**2 + 27 - 62 + 33. Let d be (-2)/4 + (-5)/(-2). What is t(d)?
2
Let n(m) = -1 + 2*m + 6*m**2 - 7*m**2 - 8*m**2 + 0*m. Calculate n(1).
-8
Let d(k) be the second derivative of -k**5/20 - k**4/3 - k**3/2 - 2*k. Let t = 25 - 27. Determine d(t).
-2
Suppose -v - 3*v + 32 = 0. Suppose -4*u - v = -0. Let t(w) = -8*w + 5*w - 3 + 3 - 1. Give t(u).
5
Let y be (-3 - -5)*10/(-4). Let i(n) = 3*n**3 - 12*n**2 - 4*n + 15. Let g(h) = -2*h**3 + 6*h**2 + 2*h - 8. Let w(q) = 5*g(q) + 3*i(q). Give w(y).
-10
Suppose -2*z - 3 + 11 = 0. Let w(k) be the first derivative of -k**3/3 + 3*k**2 - 6*k + 47. Let n be w(z). Let q(t) = 3*t**2 - 3*t + 2. Determine q(n).
8
Let i(t) be the second derivative of t**5/20 - 7*t**4/12 + 4*t**3/3 - t**2/2 + 37*t. What is i(6)?
11
Let x(h) = h**3 + 5*h**2 - 6*h - 1. Let o be x(-6). Let u(c) be the second derivative of 3/20*c**5 + 0 + 3*c + 1/2*c**2 + 0*c**3 - 1/6*c**4. Calculate u(o).
-4
Let d(r) be the second derivative of r**5/20 - r**4/6 - r**3/3 + 3*r**2/2 - 67*r. Calculate d(3).
6
Let t(h) be the third derivative of h**4/24 - 2*h**3/3 + 9*h**2. Determine t(4).
0
Suppose 3*n + 0*z + 3 = -z, -3*n + 15 = -5*z. Suppose -3*o + 3 = 0, 5*d = -2*o + 12 - n. Let f(a) = 5*a + 0*a + a**2 + d - 5. Calculate f(-6).
3
Suppose 0 = -7*s + 12 + 9. Let u(m) = m**3 - 4*m**2 + 3*m + 2. Determine u(s).
2
Let j(g) = -18*g + 13*g + 4 + 2 + 1. Suppose -5*r = -4*u - 31, 5*u - 2 = 3*r - 31. Let d(k) = -6*k + 8. Let h(n) = u*d(n) + 5*j(n). Give h(4).
-1
Let a(w) = w**3 + 5*w**2 + 2*w - 6. Suppose 6*r + 48 = -10*r. Give a(r).
6
Let c be 14 + -8 + 0/2. Let b(q) = q**2 - 10*q + 8. What is b(c)?
-16
Let b(o) be the second derivative of o**5/20 + o**4/3 - 7*o**3/6 - 2*o**2 - 5*o. Give b(-5).
6
Let o(v) = 3*v**2 + 11. Let y(d) = 12 - d + d**2 + 4*d**2 + 2*d - d**2. Let l(r) = 5*o(r) - 4*y(r). What is l(-6)?
-5
Let g(d) = -15 - d + 15. Suppose -6*n = -2*n - 24. Give g(n).
-6
Let r(h) be the third derivative of -h**6/120 + 3*h**5/20 - 7*h**4/24 - 7*h**3/6 - 3*h**2. Let g be r(8). Let q(p) = 5 - 5*p - g + p. Determine q(3).
-8
Let b(l) = -2*l + 5. Let z = -73 + 78. What is b(z)?
-5
Let a(r) = 7*r**3 + 2*r**2 - 2*r + 3. Let z = 13 + -8. Let k(m) = -z + 0*m + 3 + m - 4*m**3 - m**2. Let h(s) = -3*a(s) - 5*k(s). Calculate h(-1).
0
Let c(n) be the first derivative of n**4/4 + n**3 - 3*n**2/2 - 2*n - 37. Suppose 3*q = 2*m - 16, 6*m - 3*m = 6. Give c(q).
-6
Let p = 566 + -560. Let g(t) = -5*t**2 - 5*t + 3 - 10 + 0*t**3 + t**3. Determine g(p).
-1
Let t(p) be the second derivative of -p**3 + p**2/2 + p. What is t(-1)?
7
Suppose 0*t = -2*t. Let u(a) = -a**2 + 15 - 5 - 6 - a. Calculate u(t).
4
Let i(n) be the first derivative of -n**4/4 + 5*n**3/3 - 3*n**2/2 - 4*n + 11. Calculate i(3).
5
Let o be ((-120)/45)/((-2)/(-3)). Let c(j) = -j + 4. Let m(t) = 1. Let x(f) = o*m(f) + c(f). What is x(3)?
-3
Let t(m) = 1 - 3*m + 4*m - 4 + 9. Let u(x) = 2*x + 7. Let d(i) = -3*t(i) + 2*u(i). Give d(-5).
-9
Let p(h) = 2*h**2 - h**3 + h**2 + 6 + 2*h**3 - 2. Let v be p(-3). Let s(u) = u**2 - 6*u + 3. Determine s(v).
-5
Let t = 75 + -72. Let p(f) = -f + 7. Determine p(t).
4
Let i(f) = -4*f**2 - 7. Let l(s) = s - 1. Let g(t) = i(t) - 4*l(t). Calculate g(-2).
-11
Suppose 4*y - 44 = -4*x, -10 = -5*y - 2*x + 6*x. Let i = y + -4. Let k be i/(-9) - 80/45. Let w(a) = -2*a**2 - 3*a. Give w(k).
-2
Let n(c) = 4*c + 3. Let t(p) = 3*p + 3. Let h = -5 - -8. Let k(q) = h*t(q) - 2*n(q). Determine k(0).
3
Let r(p) = 7*p**2 + 1. Suppose 7*t - 11*t = 4. Calculate r(t).
8
Suppose 3*c - 12 = 6*c. Let p(s) = -s**3 - 4*s**2 + s - 4. What is p(c)?
-8
Let n(k) be the third derivative of -k**4/24 + k**3/3 + 19*k**2. Let a(q) = -2*q - 7 + 1 + 1. Let u be a(-5). What is n(u)?
-3
Let j(v) = 1. Let q(k) = -k + 9. Let m(n) = 5*j(n) - q(n). What is m(5)?
1
Let x(l) be the first derivative of l**2/2 + 9*l - 1. Let v be (-3 - -3)/(5 - 3). Determine x(v).
9
Let a = 20 - 25. Let c(o) be the first derivative of o**4/4 + 2*o**3 + 5*o**2/2 + 3*o + 1. Calculate c(a).
3
Suppose 0 = -0*i + 3*i. Let x(y) = 2 + 2*y - 1 + i*y - y. Give x(-1).
0
Let u(b) be the third derivative of -8*b**2 + 1/60*b**5 + 0 + 1/8*b**4 - 2/3*b**3 + 0*b. What is u(-3)?
-4
Let t(n) = n**3 + 13*n**2 + 3. Let j be t(-13). Let p(s) = -3*s - 3. Calculate p(j).
-12
Let m(l) = -3*l**3 - 2*l**2 + 7*l. Let q(c) = -4*c**3 - c**2 + 8*c + 1. Let f(d) = -3*m(d) + 2*q(d). Give f(-5).
2
Let q(m) be the third derivative of -m**4/24 + 6*m**2. Let p = 4 + -6. Determine q(p).
2
Let t(c) = c**3 + 7*c**2 + 7*c + 9. Suppose 2*l + 0*l + 3*q = -27, 5*q + 25 = 0. What is t(l)?
3
Suppose -3*s - 8 = -26. Let c(h) = h**3 - 6*h**2 + 3*h - 8. Determine c(s).
10
Let f(o) = -o**3 + 2*o - 3. Let g(q) = q**3 - 2*q**2 + q. Let b be g(2). Suppose -2*s + b*z = -2, 6 = 4*s + 4*z - 6. Calculate f(s).
-7
Let y(t) = t**2 - 4*t + 1. Let d be (-3)/((-22)/12 + 4/12). Calculate y(d).
-3
Let a(u) = 2 + 5*u - 4 + 0. Determine a(-4).
-22
Suppose -2*o = 2*u - 8, -u + 0*o + 8 = 2*o. Let t(c) = c. Calculate t(u).
0
Let h(k) = k**3 + 2*k**2 - k - 2. Let m be h(-2). Let o(n) be the third derivative of 0*n + 0 + 1/2*n**3 - 4*n**2 + 1/24*n**4. Give o(m).
3
Let b(z) = -z**2 + 2*z. Suppose 2*q - 32 = -3*f + 3*q, 0 = -3*f + 2*q + 31. Let w = f - 8. Let t = w + -2. Give b(t).
1
Let a(i) = -6*i + 10 - 3 - 3*i**2 + 4*i**2. Suppose 3*g - 3*m + 18 + 3 = 0, -15 = 2*g - 3*m. Let l = -1 - g. What is a(l)?
2
Suppose -4*b + 7 + 11 = 2*n, 4*b - 3*n - 3 = 0. Let y(w) = -w**2 + 5*w - 1. Give y(b).
5
Let z be ((-3)/(-2) + -3)*-2. Let f = z + -1. Let u(t) be